{"id":2,"date":"2013-01-30T18:32:09","date_gmt":"2013-01-30T16:32:09","guid":{"rendered":"http:\/\/www.albverein-bergatreute.de\/ortsgruppe\/?page_id=2"},"modified":"2016-12-27T23:09:47","modified_gmt":"2016-12-27T21:09:47","slug":"beispiel-seite","status":"publish","type":"page","link":"https:\/\/www.albverein-bergatreute.de\/ortsgruppe\/beispiel-seite\/","title":{"rendered":"Die Ortsgruppe Bergatreute"},"content":{"rendered":"<p><strong>Liebe Mitglieder, liebe G\u00e4ste!<\/strong><\/p>\n<p>Der Schw\u00e4bische Albverein ist der gr\u00f6\u00dfte Wanderverein Europas, mit ca. 100.000 Mitgliedern. Der Verein ist in \u00fcber 600 St\u00e4dten und Gemeinden bei der Pflege von Natur, Heimat, Volkstanz, Wandern und Jugendarbeit aktiv.<\/p>\n<p><strong>Albvereinsjugend und Familien:<\/strong> F\u00fcr uns ist die Arbeit mit Kindern und Familien sehr wichtig. Unser Zeltlagerteam ist ein wertvoller Gewinn f\u00fcr den Verein. Ihr ehrenamtliches Engagement geht weit \u00fcber den herk\u00f6mmlichen Einsatz hinaus. Wir versuchen weiterhin diese Arbeit zu f\u00f6rdern, um unseren Kindern und Jugendlichen eine Alternative zur Freizeitgestaltung zu bieten.<\/p>\n<p><strong>Heimat:<\/strong> Der Albverein pflegt das Brauchtum, wie das Tanzen, Singen, Musizieren und Theaterspielen. In mehr als 150 Gruppen gibt es Freunde der Kultur und Geselligkeit. Ein wichtiges Element der Jugend- und Kulturarbeit ist der internationale Austausch mit Kulturen und V\u00f6lkern aus der ganzen Welt. Gerade der Volkstanz verbindet Br\u00fccken der Verst\u00e4ndigung in allen Nationen. Dadurch wachsen viele Freundschaften, die Basis f\u00fcr Frieden unter den Menschen.<\/p>\n<p><strong>Natur:<\/strong> Zu unserer herrlichen Landschaft geh\u00f6rt der Naturschutz. Das ist eine der wichtigsten Aufgaben des Schw\u00e4bischen Albvereins seit 120 Jahren. Wir wollen in breiter \u00d6ffentlichkeit das Bewusstsein f\u00fcr Natur und Landschaft wecken und aktiv beim Naturschutz und der Landschaftspflege mit den Verwaltungen zusammenarbeiten.<\/p>\n<p><strong>Volkstanz:<\/strong> Der Volkstanz ist in unserem Verein ein wichtiger Bestandteil. Er vermittelt uns einen wertvollen Beitrag zum Brauchtum und zur V\u00f6lkerverst\u00e4ndigung. Unsere Volkstanzgruppe pflegt diese Tradition nun seit mehr als 25 Jahren.<\/p>\n<p><strong>Wandern:<\/strong> Wir bieten von geschulten und erfahrenen Wanderf\u00fchrern viele Halbtagswanderungen und mehrt\u00e4gige Touren an. Sie wandern auf einem Wegenetz von \u00fcber 23 000 km und erhalten dazu als Mitglied eine topographische Karte (Ma\u00dfstab 1: 35 000) kostenlos. In vielen Beschreibungen k\u00f6nnen Sie sich Touren und Wanderungen selbst zusammenstellen.<\/p>\n<p>Im Vereinseigentum sind 25 Aussichtst\u00fcrme von Hohenlohe bis zum Allg\u00e4u (Schwarzer- Grat-Turm), ebenso 27 vereinseigene Wanderheime, die zum gr\u00f6\u00dften Teil ehrenamtlich betreut werden.<\/p>\n<p><em><strong>Haben wir Ihr Interesse geweckt? Dann besuchen Sie uns als Mitglied oder Gast bei unseren Aktivit\u00e4ten. Sie sind jederzeit in unserer harmonischen Gruppe herzlich willkommen.<\/strong><\/em><\/p>\n","protected":false},"excerpt":{"rendered":"<p>Liebe Mitglieder, liebe G\u00e4ste! Der Schw\u00e4bische Albverein ist der gr\u00f6\u00dfte Wanderverein Europas, mit ca. 100.000 Mitgliedern. Der Verein ist in \u00fcber 600 St\u00e4dten&hellip;<\/p>\n","protected":false},"author":1,"featured_media":4943,"parent":0,"menu_order":0,"comment_status":"closed","ping_status":"closed","template":"","meta":{"ngg_post_thumbnail":0,"footnotes":""},"class_list":["post-2","page","type-page","status-publish","has-post-thumbnail","hentry"],"_links":{"self":[{"href":"https:\/\/www.albverein-bergatreute.de\/ortsgruppe\/wp-json\/wp\/v2\/pages\/2","targetHints":{"allow":["GET"]}}],"collection":[{"href":"https:\/\/www.albverein-bergatreute.de\/ortsgruppe\/wp-json\/wp\/v2\/pages"}],"about":[{"href":"https:\/\/www.albverein-bergatreute.de\/ortsgruppe\/wp-json\/wp\/v2\/types\/page"}],"author":[{"embeddable":true,"href":"https:\/\/www.albverein-bergatreute.de\/ortsgruppe\/wp-json\/wp\/v2\/users\/1"}],"replies":[{"embeddable":true,"href":"https:\/\/www.albverein-bergatreute.de\/ortsgruppe\/wp-json\/wp\/v2\/comments?post=2"}],"version-history":[{"count":6,"href":"https:\/\/www.albverein-bergatreute.de\/ortsgruppe\/wp-json\/wp\/v2\/pages\/2\/revisions"}],"predecessor-version":[{"id":5476,"href":"https:\/\/www.albverein-bergatreute.de\/ortsgruppe\/wp-json\/wp\/v2\/pages\/2\/revisions\/5476"}],"wp:featuredmedia":[{"embeddable":true,"href":"https:\/\/www.albverein-bergatreute.de\/ortsgruppe\/wp-json\/wp\/v2\/media\/4943"}],"wp:attachment":[{"href":"https:\/\/www.albverein-bergatreute.de\/ortsgruppe\/wp-json\/wp\/v2\/media?parent=2"}],"curies":[{"name":"wp","href":"https:\/\/api.w.org\/{rel}","templated":true}]}}