{"id":27,"date":"2024-11-29T04:00:00","date_gmt":"2024-11-29T02:00:00","guid":{"rendered":"http:\/\/www.albverein-bergatreute.de\/zeltlager\/?page_id=27"},"modified":"2025-11-28T12:41:23","modified_gmt":"2025-11-28T10:41:23","slug":"anmeldung","status":"publish","type":"page","link":"https:\/\/www.albverein-bergatreute.de\/zeltlager\/anmeldung\/","title":{"rendered":"Anmeldung"},"content":{"rendered":"<p><strong>Kosten f\u00fcr Unterkunft, Verpflegung und Betreuung:<\/strong><\/p>\n<p>Eine Woche: 190 \u20ac<br>Zwei Wochen: 330 \u20ac<br>Erm\u00e4\u00dfigung f\u00fcr Mitglieder: 10 \u20ac bzw. 20 \u20ac<br>Geschwisterrabatt: 10 \u20ac bzw. 20 \u20ac<\/p>\n<p>Anmelden k\u00f6nnen sich Kinder, die am Anreisetag 9 &#8211; 14 Jahre alt sind!<\/p>\n<p>Bitte senden Sie das Anmeldeformular baldm\u00f6glichst an uns zur\u00fcck. Die Platzreservierungen erfolgen in der Reihenfolge der Anmeldungen.<\/p>\n<p><strong>Sie erhalten innerhalb 10 Arbeitstagen eine Anmeldebest\u00e4tigung, falls noch Pl\u00e4tze frei sind!<br><\/strong>Diese Anmeldebest\u00e4tigung ist dann gleichzeitig die Rechnung.<br>Der Platz ist ab Anmeldebest\u00e4tigung reserviert.<br>Die Anmeldung wird g\u00fcltig, wenn der Betrag \u00fcberwiesen ist. Eine weitere Best\u00e4tigung erfolgt nicht.<\/p>\n<p>&nbsp;<\/p>\n<p><strong>Anreise:<\/strong><br>Freitags ab 15.00 Uhr<\/p>\n<p><strong>Abreise:<\/strong><br>Freitags ab 9.30 Uhr bis ca. 11.30 Uhr<\/p>\n<p><span style=\"font-size: inherit;\">F\u00fcr Teilnehmer aus finanziell schwachen bzw. kinderreichen Familien k\u00f6nnen Zusch\u00fcsse beantragt werden. Hierf\u00fcr wenden Sie sich bitte an die:<\/span><\/p>\n<p>Schw\u00e4bische Albvereinsjugend<br>Hospitalstr. 21b<br>70174 Stuttgart<br>Tel.: +49 (0) 711 \/ 22 58 574<\/p>\n<p><span style=\"color: #ff0000;\"><a href=\"https:\/\/www.albverein-bergatreute.de\/zeltlager\/wp-content\/uploads\/sites\/7\/2025\/11\/Anmeldung-26-Homepage.pdf\" target=\"_blank\" rel=\"noopener\">Hier gibt&#8217;s die Anmeldung zum Ausdrucken!<\/a>&nbsp;<\/span><\/p>\n<p>Und dann die ausgef\u00fcllte Anmeldung an: <a href=\"mailto:zeltlager@kueble.net\">zeltlager[@]kueble.net<\/a><\/p>\n\n\n<p>Zu Info: Wir entfernen ggf. Zecken und dokumentieren und beobachten das.<\/p>\n\n\n\n<p><\/p>\n","protected":false},"excerpt":{"rendered":"<p>Kosten f\u00fcr Unterkunft, Verpflegung und Betreuung: Eine Woche: 190 \u20acZwei Wochen: 330 \u20acErm\u00e4\u00dfigung f\u00fcr Mitglieder: 10 \u20ac bzw. 20 \u20acGeschwisterrabatt: 10 \u20ac bzw.&hellip;<\/p>\n","protected":false},"author":1,"featured_media":3643,"parent":0,"menu_order":0,"comment_status":"closed","ping_status":"closed","template":"","meta":{"ngg_post_thumbnail":0,"footnotes":""},"class_list":["post-27","page","type-page","status-publish","has-post-thumbnail","hentry"],"_links":{"self":[{"href":"https:\/\/www.albverein-bergatreute.de\/zeltlager\/wp-json\/wp\/v2\/pages\/27","targetHints":{"allow":["GET"]}}],"collection":[{"href":"https:\/\/www.albverein-bergatreute.de\/zeltlager\/wp-json\/wp\/v2\/pages"}],"about":[{"href":"https:\/\/www.albverein-bergatreute.de\/zeltlager\/wp-json\/wp\/v2\/types\/page"}],"author":[{"embeddable":true,"href":"https:\/\/www.albverein-bergatreute.de\/zeltlager\/wp-json\/wp\/v2\/users\/1"}],"replies":[{"embeddable":true,"href":"https:\/\/www.albverein-bergatreute.de\/zeltlager\/wp-json\/wp\/v2\/comments?post=27"}],"version-history":[{"count":87,"href":"https:\/\/www.albverein-bergatreute.de\/zeltlager\/wp-json\/wp\/v2\/pages\/27\/revisions"}],"predecessor-version":[{"id":13395,"href":"https:\/\/www.albverein-bergatreute.de\/zeltlager\/wp-json\/wp\/v2\/pages\/27\/revisions\/13395"}],"wp:featuredmedia":[{"embeddable":true,"href":"https:\/\/www.albverein-bergatreute.de\/zeltlager\/wp-json\/wp\/v2\/media\/3643"}],"wp:attachment":[{"href":"https:\/\/www.albverein-bergatreute.de\/zeltlager\/wp-json\/wp\/v2\/media?parent=27"}],"curies":[{"name":"wp","href":"https:\/\/api.w.org\/{rel}","templated":true}]}}